{"id":3788,"date":"2017-03-16T16:13:50","date_gmt":"2017-03-16T16:13:50","guid":{"rendered":"http:\/\/www.technaid.com\/es\/events\/1st-augmented-human-conference\/"},"modified":"2025-03-10T21:50:37","modified_gmt":"2025-03-10T20:50:37","slug":"1st-augmented-human-conference-2","status":"publish","type":"tribe_events","link":"https:\/\/www.technaid.com\/es\/event\/1st-augmented-human-conference-2\/","title":{"rendered":"1st Augmented Human Conference"},"content":{"rendered":"<p class=\"lead Estilo1\" style=\"text-align: justify;\" align=\"center\">Conoce los aspectos tecnol\u00f3gicos que marcar\u00e1n el horizonte del ser humano, conoce las posibilidades de potenciar las capacidades y habilidades, que nos <strong>permitir\u00e1n sumergirnos en la siguiente revoluci\u00f3n digital.<\/strong><\/p>\n<p class=\"lead\" style=\"text-align: justify;\" align=\"center\"><span class=\"Estilo1\">El siguiente paso de la evoluci\u00f3n de la humanidad no requiere de miles o millones de a\u00f1os, se vivir\u00e1 durante los pr\u00f3ximos a\u00f1os y es una combinaci\u00f3n entre humano, tecnolog\u00eda y ciencia: <strong>El hombre aumentado o Human 2.0<\/strong><\/span>.<\/p>\n","protected":false},"excerpt":{"rendered":"<p>Conoce los aspectos tecnol\u00f3gicos que marcar\u00e1n el horizonte del ser humano, conoce las posibilidades de potenciar las capacidades y habilidades, que nos permitir\u00e1n sumergirnos en la siguiente revoluci\u00f3n digital. El [&hellip;]<\/p>\n","protected":false},"author":3,"featured_media":3783,"template":"","meta":{"_acf_changed":false,"_et_pb_use_builder":"","_et_pb_old_content":"","_et_gb_content_width":"","_tribe_events_status":"","_tribe_events_status_reason":"","footnotes":""},"tags":[197,269,203,204],"tribe_events_cat":[602],"class_list":["post-3788","tribe_events","type-tribe_events","status-publish","has-post-thumbnail","hentry","tag-biomecanica","tag-humanoide","tag-ingenieria","tag-innovacion","tribe_events_cat-proximos-eventos-technaid","cat_proximos-eventos-technaid"],"acf":[],"yoast_head":"<!-- This site is optimized with the Yoast SEO plugin v27.5 - https:\/\/yoast.com\/product\/yoast-seo-wordpress\/ -->\n<title>1st Augmented Human Conference - Technaid<\/title>\n<meta name=\"robots\" content=\"index, follow, max-snippet:-1, max-image-preview:large, max-video-preview:-1\" \/>\n<link rel=\"canonical\" href=\"https:\/\/www.technaid.com\/es\/event\/1st-augmented-human-conference-2\/\" \/>\n<meta property=\"og:locale\" content=\"es_ES\" \/>\n<meta property=\"og:type\" content=\"article\" \/>\n<meta property=\"og:title\" content=\"1st Augmented Human Conference - Technaid\" \/>\n<meta property=\"og:description\" content=\"Technaid participar\u00e1 como ponente en la pr\u00f3xima &quot;Primera Conferencia en Augmented Human&quot;. Esta ser\u00e1 una experiencia, adentrarse en el futuro y adquirir un conocimiento que ser\u00e1 diferencial. Conoce los aspectos tecnol\u00f3gicos que marcar\u00e1n el horizonte del ser humano, conocer la posibilidades de potenciar las capacidades y habilidades, que nos permitir\u00e1n sumergirnos en la siguiente revoluci\u00f3n digital. El futuro uso de los Exoesqueletos ser\u00e1 imaginado por Technaid durante la conferencia, as\u00ed mismo har\u00e1n una demostraci\u00f3n con Exo-H2, el primer Exoesqueleto Espa\u00f1ol.\" \/>\n<meta property=\"og:url\" content=\"https:\/\/www.technaid.com\/es\/event\/1st-augmented-human-conference-2\/\" \/>\n<meta property=\"og:site_name\" content=\"Technaid\" \/>\n<meta property=\"article:publisher\" content=\"https:\/\/www.facebook.com\/technaid\/\" \/>\n<meta property=\"article:modified_time\" content=\"2025-03-10T20:50:37+00:00\" \/>\n<meta name=\"twitter:card\" content=\"summary_large_image\" \/>\n<meta name=\"twitter:site\" content=\"@Technaid\" \/>\n<script type=\"application\/ld+json\" class=\"yoast-schema-graph\">{\"@context\":\"https:\\\/\\\/schema.org\",\"@graph\":[{\"@type\":\"WebPage\",\"@id\":\"https:\\\/\\\/www.technaid.com\\\/es\\\/event\\\/1st-augmented-human-conference-2\\\/\",\"url\":\"https:\\\/\\\/www.technaid.com\\\/es\\\/event\\\/1st-augmented-human-conference-2\\\/\",\"name\":\"1st Augmented Human Conference - Technaid\",\"isPartOf\":{\"@id\":\"https:\\\/\\\/www.technaid.com\\\/es\\\/#website\"},\"primaryImageOfPage\":{\"@id\":\"https:\\\/\\\/www.technaid.com\\\/es\\\/event\\\/1st-augmented-human-conference-2\\\/#primaryimage\"},\"image\":{\"@id\":\"https:\\\/\\\/www.technaid.com\\\/es\\\/event\\\/1st-augmented-human-conference-2\\\/#primaryimage\"},\"thumbnailUrl\":\"\",\"datePublished\":\"2017-03-16T16:13:50+00:00\",\"dateModified\":\"2025-03-10T20:50:37+00:00\",\"breadcrumb\":{\"@id\":\"https:\\\/\\\/www.technaid.com\\\/es\\\/event\\\/1st-augmented-human-conference-2\\\/#breadcrumb\"},\"inLanguage\":\"es\",\"potentialAction\":[{\"@type\":\"ReadAction\",\"target\":[\"https:\\\/\\\/www.technaid.com\\\/es\\\/event\\\/1st-augmented-human-conference-2\\\/\"]}]},{\"@type\":\"ImageObject\",\"inLanguage\":\"es\",\"@id\":\"https:\\\/\\\/www.technaid.com\\\/es\\\/event\\\/1st-augmented-human-conference-2\\\/#primaryimage\",\"url\":\"\",\"contentUrl\":\"\"},{\"@type\":\"BreadcrumbList\",\"@id\":\"https:\\\/\\\/www.technaid.com\\\/es\\\/event\\\/1st-augmented-human-conference-2\\\/#breadcrumb\",\"itemListElement\":[{\"@type\":\"ListItem\",\"position\":1,\"name\":\"Home\",\"item\":\"https:\\\/\\\/www.technaid.com\\\/es\\\/\"},{\"@type\":\"ListItem\",\"position\":2,\"name\":\"Eventos\",\"item\":\"https:\\\/\\\/www.technaid.com\\\/es\\\/events\\\/\"},{\"@type\":\"ListItem\",\"position\":3,\"name\":\"1st Augmented Human Conference\"}]},{\"@type\":\"WebSite\",\"@id\":\"https:\\\/\\\/www.technaid.com\\\/es\\\/#website\",\"url\":\"https:\\\/\\\/www.technaid.com\\\/es\\\/\",\"name\":\"Technaid\",\"description\":\"Leading Motion\",\"publisher\":{\"@id\":\"https:\\\/\\\/www.technaid.com\\\/es\\\/#organization\"},\"potentialAction\":[{\"@type\":\"SearchAction\",\"target\":{\"@type\":\"EntryPoint\",\"urlTemplate\":\"https:\\\/\\\/www.technaid.com\\\/es\\\/?s={search_term_string}\"},\"query-input\":{\"@type\":\"PropertyValueSpecification\",\"valueRequired\":true,\"valueName\":\"search_term_string\"}}],\"inLanguage\":\"es\"},{\"@type\":\"Organization\",\"@id\":\"https:\\\/\\\/www.technaid.com\\\/es\\\/#organization\",\"name\":\"Technaid, S.L.\",\"url\":\"https:\\\/\\\/www.technaid.com\\\/es\\\/\",\"logo\":{\"@type\":\"ImageObject\",\"inLanguage\":\"es\",\"@id\":\"https:\\\/\\\/www.technaid.com\\\/es\\\/#\\\/schema\\\/logo\\\/image\\\/\",\"url\":\"https:\\\/\\\/www.technaid.com\\\/wp-content\\\/uploads\\\/2025\\\/06\\\/LogoTechnaid.jpg\",\"contentUrl\":\"https:\\\/\\\/www.technaid.com\\\/wp-content\\\/uploads\\\/2025\\\/06\\\/LogoTechnaid.jpg\",\"width\":251,\"height\":193,\"caption\":\"Technaid, S.L.\"},\"image\":{\"@id\":\"https:\\\/\\\/www.technaid.com\\\/es\\\/#\\\/schema\\\/logo\\\/image\\\/\"},\"sameAs\":[\"https:\\\/\\\/www.facebook.com\\\/technaid\\\/\",\"https:\\\/\\\/x.com\\\/Technaid\",\"https:\\\/\\\/es.linkedin.com\\\/company\\\/technaid\",\"https:\\\/\\\/www.instagram.com\\\/technaid_company\\\/\"]}]}<\/script>\n<!-- \/ Yoast SEO plugin. -->","yoast_head_json":{"title":"1st Augmented Human Conference - Technaid","robots":{"index":"index","follow":"follow","max-snippet":"max-snippet:-1","max-image-preview":"max-image-preview:large","max-video-preview":"max-video-preview:-1"},"canonical":"https:\/\/www.technaid.com\/es\/event\/1st-augmented-human-conference-2\/","og_locale":"es_ES","og_type":"article","og_title":"1st Augmented Human Conference - Technaid","og_description":"Technaid participar\u00e1 como ponente en la pr\u00f3xima \"Primera Conferencia en Augmented Human\". Esta ser\u00e1 una experiencia, adentrarse en el futuro y adquirir un conocimiento que ser\u00e1 diferencial. Conoce los aspectos tecnol\u00f3gicos que marcar\u00e1n el horizonte del ser humano, conocer la posibilidades de potenciar las capacidades y habilidades, que nos permitir\u00e1n sumergirnos en la siguiente revoluci\u00f3n digital. El futuro uso de los Exoesqueletos ser\u00e1 imaginado por Technaid durante la conferencia, as\u00ed mismo har\u00e1n una demostraci\u00f3n con Exo-H2, el primer Exoesqueleto Espa\u00f1ol.","og_url":"https:\/\/www.technaid.com\/es\/event\/1st-augmented-human-conference-2\/","og_site_name":"Technaid","article_publisher":"https:\/\/www.facebook.com\/technaid\/","article_modified_time":"2025-03-10T20:50:37+00:00","twitter_card":"summary_large_image","twitter_site":"@Technaid","schema":{"@context":"https:\/\/schema.org","@graph":[{"@type":"WebPage","@id":"https:\/\/www.technaid.com\/es\/event\/1st-augmented-human-conference-2\/","url":"https:\/\/www.technaid.com\/es\/event\/1st-augmented-human-conference-2\/","name":"1st Augmented Human Conference - Technaid","isPartOf":{"@id":"https:\/\/www.technaid.com\/es\/#website"},"primaryImageOfPage":{"@id":"https:\/\/www.technaid.com\/es\/event\/1st-augmented-human-conference-2\/#primaryimage"},"image":{"@id":"https:\/\/www.technaid.com\/es\/event\/1st-augmented-human-conference-2\/#primaryimage"},"thumbnailUrl":"","datePublished":"2017-03-16T16:13:50+00:00","dateModified":"2025-03-10T20:50:37+00:00","breadcrumb":{"@id":"https:\/\/www.technaid.com\/es\/event\/1st-augmented-human-conference-2\/#breadcrumb"},"inLanguage":"es","potentialAction":[{"@type":"ReadAction","target":["https:\/\/www.technaid.com\/es\/event\/1st-augmented-human-conference-2\/"]}]},{"@type":"ImageObject","inLanguage":"es","@id":"https:\/\/www.technaid.com\/es\/event\/1st-augmented-human-conference-2\/#primaryimage","url":"","contentUrl":""},{"@type":"BreadcrumbList","@id":"https:\/\/www.technaid.com\/es\/event\/1st-augmented-human-conference-2\/#breadcrumb","itemListElement":[{"@type":"ListItem","position":1,"name":"Home","item":"https:\/\/www.technaid.com\/es\/"},{"@type":"ListItem","position":2,"name":"Eventos","item":"https:\/\/www.technaid.com\/es\/events\/"},{"@type":"ListItem","position":3,"name":"1st Augmented Human Conference"}]},{"@type":"WebSite","@id":"https:\/\/www.technaid.com\/es\/#website","url":"https:\/\/www.technaid.com\/es\/","name":"Technaid","description":"Leading Motion","publisher":{"@id":"https:\/\/www.technaid.com\/es\/#organization"},"potentialAction":[{"@type":"SearchAction","target":{"@type":"EntryPoint","urlTemplate":"https:\/\/www.technaid.com\/es\/?s={search_term_string}"},"query-input":{"@type":"PropertyValueSpecification","valueRequired":true,"valueName":"search_term_string"}}],"inLanguage":"es"},{"@type":"Organization","@id":"https:\/\/www.technaid.com\/es\/#organization","name":"Technaid, S.L.","url":"https:\/\/www.technaid.com\/es\/","logo":{"@type":"ImageObject","inLanguage":"es","@id":"https:\/\/www.technaid.com\/es\/#\/schema\/logo\/image\/","url":"https:\/\/www.technaid.com\/wp-content\/uploads\/2025\/06\/LogoTechnaid.jpg","contentUrl":"https:\/\/www.technaid.com\/wp-content\/uploads\/2025\/06\/LogoTechnaid.jpg","width":251,"height":193,"caption":"Technaid, S.L."},"image":{"@id":"https:\/\/www.technaid.com\/es\/#\/schema\/logo\/image\/"},"sameAs":["https:\/\/www.facebook.com\/technaid\/","https:\/\/x.com\/Technaid","https:\/\/es.linkedin.com\/company\/technaid","https:\/\/www.instagram.com\/technaid_company\/"]}]}},"_links":{"self":[{"href":"https:\/\/www.technaid.com\/es\/wp-json\/wp\/v2\/tribe_events\/3788","targetHints":{"allow":["GET"]}}],"collection":[{"href":"https:\/\/www.technaid.com\/es\/wp-json\/wp\/v2\/tribe_events"}],"about":[{"href":"https:\/\/www.technaid.com\/es\/wp-json\/wp\/v2\/types\/tribe_events"}],"author":[{"embeddable":true,"href":"https:\/\/www.technaid.com\/es\/wp-json\/wp\/v2\/users\/3"}],"version-history":[{"count":1,"href":"https:\/\/www.technaid.com\/es\/wp-json\/wp\/v2\/tribe_events\/3788\/revisions"}],"predecessor-version":[{"id":20791,"href":"https:\/\/www.technaid.com\/es\/wp-json\/wp\/v2\/tribe_events\/3788\/revisions\/20791"}],"wp:featuredmedia":[{"embeddable":true,"href":"https:\/\/www.technaid.com\/es\/wp-json\/"}],"wp:attachment":[{"href":"https:\/\/www.technaid.com\/es\/wp-json\/wp\/v2\/media?parent=3788"}],"wp:term":[{"taxonomy":"post_tag","embeddable":true,"href":"https:\/\/www.technaid.com\/es\/wp-json\/wp\/v2\/tags?post=3788"},{"taxonomy":"tribe_events_cat","embeddable":true,"href":"https:\/\/www.technaid.com\/es\/wp-json\/wp\/v2\/tribe_events_cat?post=3788"}],"curies":[{"name":"wp","href":"https:\/\/api.w.org\/{rel}","templated":true}]}}

<p class="lead Estilo1" style="text-align: justify;" align="center">Conoce los aspectos tecnológicos que marcarán el horizonte del ser humano, conoce las posibilidades de potenciar las capacidades y habilidades, que nos <strong>permitirán sumergirnos en la siguiente revolución digital.</strong></p>
<p class="lead" style="text-align: justify;" align="center"><span class="Estilo1">El siguiente paso de la evolución de la humanidad no requiere de miles o millones de años, se vivirá durante los próximos años y es una combinación entre humano, tecnología y ciencia: <strong>El hombre aumentado o Human 2.0</strong></span>.</p>

<p>Conoce los aspectos tecnológicos que marcarán el horizonte del ser humano, conoce las posibilidades de potenciar las capacidades y habilidades, que nos permitirán sumergirnos en la siguiente revolución digital. El [&hellip;]</p>

<!-- This site is optimized with the Yoast SEO plugin v27.5 - https://yoast.com/product/yoast-seo-wordpress/ -->
<title>1st Augmented Human Conference - Technaid</title>
<meta name="robots" content="index, follow, max-snippet:-1, max-image-preview:large, max-video-preview:-1" />
<link rel="canonical" href="https://www.technaid.com/es/event/1st-augmented-human-conference-2/" />
<meta property="og:locale" content="es_ES" />
<meta property="og:type" content="article" />
<meta property="og:title" content="1st Augmented Human Conference - Technaid" />
<meta property="og:description" content="Technaid participará como ponente en la próxima &quot;Primera Conferencia en Augmented Human&quot;. Esta será una experiencia, adentrarse en el futuro y adquirir un conocimiento que será diferencial. Conoce los aspectos tecnológicos que marcarán el horizonte del ser humano, conocer la posibilidades de potenciar las capacidades y habilidades, que nos permitirán sumergirnos en la siguiente revolución digital. El futuro uso de los Exoesqueletos será imaginado por Technaid durante la conferencia, así mismo harán una demostración con Exo-H2, el primer Exoesqueleto Español." />
<meta property="og:url" content="https://www.technaid.com/es/event/1st-augmented-human-conference-2/" />
<meta property="og:site_name" content="Technaid" />
<meta property="article:publisher" content="https://www.facebook.com/technaid/" />
<meta property="article:modified_time" content="2025-03-10T20:50:37+00:00" />
<meta name="twitter:card" content="summary_large_image" />
<meta name="twitter:site" content="@Technaid" />
<script type="application/ld+json" class="yoast-schema-graph">{"@context":"https:\/\/schema.org","@graph":[{"@type":"WebPage","@id":"https:\/\/www.technaid.com\/es\/event\/1st-augmented-human-conference-2\/","url":"https:\/\/www.technaid.com\/es\/event\/1st-augmented-human-conference-2\/","name":"1st Augmented Human Conference - Technaid","isPartOf":{"@id":"https:\/\/www.technaid.com\/es\/#website"},"primaryImageOfPage":{"@id":"https:\/\/www.technaid.com\/es\/event\/1st-augmented-human-conference-2\/#primaryimage"},"image":{"@id":"https:\/\/www.technaid.com\/es\/event\/1st-augmented-human-conference-2\/#primaryimage"},"thumbnailUrl":"","datePublished":"2017-03-16T16:13:50+00:00","dateModified":"2025-03-10T20:50:37+00:00","breadcrumb":{"@id":"https:\/\/www.technaid.com\/es\/event\/1st-augmented-human-conference-2\/#breadcrumb"},"inLanguage":"es","potentialAction":[{"@type":"ReadAction","target":["https:\/\/www.technaid.com\/es\/event\/1st-augmented-human-conference-2\/"]}]},{"@type":"ImageObject","inLanguage":"es","@id":"https:\/\/www.technaid.com\/es\/event\/1st-augmented-human-conference-2\/#primaryimage","url":"","contentUrl":""},{"@type":"BreadcrumbList","@id":"https:\/\/www.technaid.com\/es\/event\/1st-augmented-human-conference-2\/#breadcrumb","itemListElement":[{"@type":"ListItem","position":1,"name":"Home","item":"https:\/\/www.technaid.com\/es\/"},{"@type":"ListItem","position":2,"name":"Eventos","item":"https:\/\/www.technaid.com\/es\/events\/"},{"@type":"ListItem","position":3,"name":"1st Augmented Human Conference"}]},{"@type":"WebSite","@id":"https:\/\/www.technaid.com\/es\/#website","url":"https:\/\/www.technaid.com\/es\/","name":"Technaid","description":"Leading Motion","publisher":{"@id":"https:\/\/www.technaid.com\/es\/#organization"},"potentialAction":[{"@type":"SearchAction","target":{"@type":"EntryPoint","urlTemplate":"https:\/\/www.technaid.com\/es\/?s={search_term_string}"},"query-input":{"@type":"PropertyValueSpecification","valueRequired":true,"valueName":"search_term_string"}}],"inLanguage":"es"},{"@type":"Organization","@id":"https:\/\/www.technaid.com\/es\/#organization","name":"Technaid, S.L.","url":"https:\/\/www.technaid.com\/es\/","logo":{"@type":"ImageObject","inLanguage":"es","@id":"https:\/\/www.technaid.com\/es\/#\/schema\/logo\/image\/","url":"https:\/\/www.technaid.com\/wp-content\/uploads\/2025\/06\/LogoTechnaid.jpg","contentUrl":"https:\/\/www.technaid.com\/wp-content\/uploads\/2025\/06\/LogoTechnaid.jpg","width":251,"height":193,"caption":"Technaid, S.L."},"image":{"@id":"https:\/\/www.technaid.com\/es\/#\/schema\/logo\/image\/"},"sameAs":["https:\/\/www.facebook.com\/technaid\/","https:\/\/x.com\/Technaid","https:\/\/es.linkedin.com\/company\/technaid","https:\/\/www.instagram.com\/technaid_company\/"]}]}</script>
<!-- / Yoast SEO plugin. -->

Technaid participará como ponente en la próxima "Primera Conferencia en Augmented Human". Esta será una experiencia, adentrarse en el futuro y adquirir un conocimiento que será diferencial. Conoce los aspectos tecnológicos que marcarán el horizonte del ser humano, conocer la posibilidades de potenciar las capacidades y habilidades, que nos permitirán sumergirnos en la siguiente revolución digital. El futuro uso de los Exoesqueletos será imaginado por Technaid durante la conferencia, así mismo harán una demostración con Exo-H2, el primer Exoesqueleto Español.
